13?
1
What is the thousands digit of 4157?
4
What is the tens digit of 1658?
5
What is the tens digit of 1919?
1
What is the thousands digit of 1678?
1
What is the hundreds digit of 1530?
5
What is the thousands digit of 1704?
1
What is the thousands digit of 7469?
7
What is the units digit of 784?
4
What is the tens digit of 568?
6
What is the units digit of 2384?
4
What is the thousands digit of 1652?
1
What is the hundreds digit of 21976?
9
What is the tens digit of 5384?
8
What is the thousands digit of 13282?
3
What is the units digit of 47449?
9
What is the tens digit of 3654?
5
What is the thousands digit of 1565?
1
What is the thousands digit of 11936?
1
What is the thousands digit of 10239?
0
What is the thousands digit of 41298?
1
What is the hundreds digit of 78551?
5
What is the thousands digit of 1457?
1
What is the hundreds digit of 8771?
7
What is the tens digit of 334?
3
What is the tens digit of 835?
3
What is the hundreds digit of 1712?
7
What is the ten thousands digit of 10828?
1
What is the thousands digit of 16139?
6
What is the tens digit of 5990?
9
What is the tens digit of 8498?
9
What is the hundreds digit of 1524?
5
What is the tens digit of 1097?
9
What is the units digit of 229?
9
What is the tens digit of 3322?
2
What is the thousands digit of 49354?
9
What is the thousands digit of 45409?
5
What is the tens digit of 730?
3
What is the hundreds digit of 6658?
6
What is the units digit of 1414?
4
What is the hundreds digit of 50876?
8
What is the thousands digit of 1480?
1
What is the units digit of 1858?
8
What is the hundreds digit of 3763?
7
What is the units digit of 7429?
9
What is the units digit of 1247?
7
What is the thousands digit of 2606?
2
What is the hundreds digit of 663?
6
What is the tens digit of 545?
4
What is the units digit of 102728?
8
What is the tens digit of 17907?
0
What is the tens digit of 1648?
4
What is the hundreds digit of 22148?
1
What is the tens digit of 1107?
0
What is the units digit of 1175?
5
What is the hundreds digit of 386?
3
What is the tens digit of 109149?
4
What is the hundreds digit of 1392?
3
What is the tens digit of 7518?
1
What is the units digit of 7053?
3
What is the hundreds digit of 156?
1
What is the units digit of 2450?
0
What is the tens digit of 16314?
1
What is the units digit of 104318?
8
What is the hundreds digit of 3593?
5
What is the units digit of 45503?
3
What is the units digit of 8215?
5
What is the tens digit of 230?
3
What is the tens digit of 10918?
1
What is the hundreds digit of 2293?
2
What is the hundreds digit of 758?
7
What is the tens digit of 2368?
6
What is the tens digit of 26449?
4
What is the hundreds digit of 13871?
8
What is the tens digit of 201?
0
What is the tens digit of 49341?
4
What is the thousands digit of 5945?
5
What is the hundreds digit of 309?
3
What is the hundreds digit of 9330?
3
What is the hundreds digit of 669?
6
What is the hundred thousands digit of 102417?
1
What is the hundreds digit of 27375?
3
What is the thousands digit of 1624?
1
What is the tens digit of 16050?
5
What is the thousands digit of 29594?
9
What is the tens digit of 2052?
5
What is the tens digit of 26759?
5
What is the thousands digit of 13192?
3
What is the hundreds digit of 13061?
0
What is the thousands digit of 28644?
8
What is the units digit of 461?
1
What is the thousands digit of 9925?
9
What is the thousands digit of 1392?
1
What is the thousands digit of 67071?
7
What is the tens digit of 499?
9
What is the thousands digit of 25919?
5
What is the ten thousands digit of 76528?
7
What is the units digit of 8259?
9
What is the thousands digit of 8162?
8
What is the thousands digit of 2799?
2
What is the hundreds digit of 69853?
8
What is the thousands digit of 18907?
8
What is the hundreds digit of 1883?
8
What is the units digit of 65371?
1
What is the units digit of 2542?
2
What is the units digit of 1518?
8
What is the tens digit of 539?
3
What is the tens digit of 2446?
4
What is the tens digit of 254?
5
What is the thousands digit of 12859?
2
What is the tens digit of 1926?
2
What is the units digit of 7195?
5
What is the hundred thousands digit of 121881?
1
What is the tens digit of 2867?
6
What is the units digit of 95913?
3
What is the units digit of 2466?
6
What is the units digit of 780?
0
What is the ten thousands digit of 21803?
2
What is the hundreds digit of 1813?
8
What is the tens digit of 788?
8
What is the hundreds digit of 3788?
7
What is the units digit of 1693?
3
What is the tens digit of 991?
9
What is the hundreds digit of 9131?
1
What is the thousands digit of 5598?
5
What is the units digit of 2440?
0
What is the thousands digit of 7028?
7
What is the units digit of 2124?
4
What is the ten thousands digit of 92898?
9
What is the hundreds digit of 2152?
1
What is the ten thousands digit of 27872?
2
What is the thousands digit of 1828?
1
What is the thousands digit of 84643?
4
What is the hundreds digit of 9053?
0
What is the tens digit of 6979?
7
What is the hundreds digit of 5697?
6
What is the thousands digit of 20776?
0
What is the units digit of 1236?
6
What is the units digit of 4378?
8
What is the tens digit of 9464?
6
What is the hundreds digit of 9502?
5
What is the hundreds digit of 11905?
9
What is the thousands digit of 3338?
3
What is the ten thousands digit of 83913?
8
What is the tens digit of 3451?
5
What is the units digit of 28?
8
What is the units digit of 66984?
4
What is the tens digit of 575?
7
What is the units digit of 26013?
3
What is the hundreds digit of 872?
8
What is the tens digit of 793?
9
What is the hundreds digit of 191300?
3
What is the thousands digit of 28894?
8
What is the thousands digit of 2062?
2
What is the units digit of 3138?
8
What is the tens digit of 12721?
2
What is the units digit of 977?
7
What is the tens digit of 577?
7
What is the hundreds digit of 585?
5
What is the hundreds digit of 3540?
5
What is the units digit of 6168?
8
What is the tens digit of 85890?
9
What is the units digit of 839?
9
What is the units digit of 2246?
6
What is the thousands digit of 7915?
7
What is the units digit of 814?
4
What is the thousands digit of 1074?
1
What is the ten thousands digit of 68993?
6
What is the thousands digit of 1668?
1
What is the hundreds digit of 848?
8
What is the units digit of 2160?
0
What is the ten thousands digit of 32393?
3
What is the thousands digit of 36592?
6
What is the tens digit of 710?
1
What is the hundreds digit of 216?
2
What is the ten thousands digit of 10100?
1
What is the tens digit of 13019?
1
What is the tens digit of 719?
1
What is the units digit of 4685?
5
What is the thousands digit of 10090?
0
What is the units digit of 65306?
6
What is the units digit of 4016?
6
What is the ten thousands digit of 42798?
4
What is the tens digit of 2025?
2
What is the units digit of 650?
0
What is the tens digit of 1348?
4
What is the units digit of 69746?
6
What is the ten thousands digit of 40055?
4
What is the thousands digit of 13018?
3
What is the thousands digit of 2268?
2
What is the hundreds digit of 168687?
6
What is the tens digit of 65?
6
What is the thousands digit of 4367?
4
What is the units digit of 66?
6
What is the ten thousands digit of 114332?
1
What is the ten thousands digit of 15603?
1
What is the tens digit of 5335?
3
What is the tens digit of 95?
9
What is the tens digit of 8990?
9
What is the hundreds digit of 23586?
5
What is the thousands digit of 1107?
1
What is the hundreds digit of 1124?
1
What is the units digit of 1768?
8
What is the units digit of 1551?
1
What is the units digit of 31649?
9
What is the hundreds digit of 904?
9
What is the units digit of 22960?
0
What is the hundreds digit of 2104?
1
What is the thousands digit of 2310?
2
What is the tens digit of 49701?
0
What is the tens digit of 1323?
2
What is the thousands digit of 6498?
6
What is the thousands digit of 18489?
8
What is the hundreds digit of 10158?
1
What is the hundreds digit of 8413?
4
What is the tens digit of 3706?
0
What is the thousands digit of 2895?
2
What is the units digit of 94077?
7
What is the ten thousands digit of 23223?
2
What is the units digit of 7909?
9
What is the tens digit of 2052?
5
What is the tens digit of 4073?
